{"id":172,"date":"2022-08-05T12:00:28","date_gmt":"2022-08-05T12:00:28","guid":{"rendered":"https:\/\/rimah.uniri.hr\/?page_id=172"},"modified":"2022-08-05T12:35:14","modified_gmt":"2022-08-05T12:35:14","slug":"objavljenji-radovi","status":"publish","type":"page","link":"https:\/\/rimah.uniri.hr\/?page_id=172","title":{"rendered":"Objavljenji radovi"},"content":{"rendered":"\n<pre class=\"wp-block-preformatted\">Sa\u0161a Poto\u010dnjak - Barbara \u0160panjol Pandelo, \"<a href=\"https:\/\/hrcak.srce.hr\/274946\" target=\"_blank\" rel=\"noreferrer noopener\">\u010cudotvorne Gospe Rapske. Javne marijanske pobo\u017enosti u Rapskoj biskupiji (prijenosne ikone, procesije i memorabilije)<\/a>\", Croatica Christiana periodica, Vol. 46 No. 89, 2022., str. 17-39.<\/pre>\n","protected":false},"excerpt":{"rendered":"<p>Sa\u0161a Poto\u010dnjak &#8211; Barbara \u0160panjol Pandelo, &#8220;\u010cudotvorne Gospe Rapske. Javne marijanske pobo\u017enosti u Rapskoj biskupiji (prijenosne ikone, procesije i memorabilije)&#8221;, Croatica Christiana periodica, Vol. 46 No. 89, 2022., str. 17-39.<\/p>\n","protected":false},"author":2,"featured_media":0,"parent":0,"menu_order":0,"comment_status":"closed","ping_status":"closed","template":"","meta":{"footnotes":""},"class_list":["post-172","page","type-page","status-publish","hentry"],"_links":{"self":[{"href":"https:\/\/rimah.uniri.hr\/index.php?rest_route=\/wp\/v2\/pages\/172","targetHints":{"allow":["GET"]}}],"collection":[{"href":"https:\/\/rimah.uniri.hr\/index.php?rest_route=\/wp\/v2\/pages"}],"about":[{"href":"https:\/\/rimah.uniri.hr\/index.php?rest_route=\/wp\/v2\/types\/page"}],"author":[{"embeddable":true,"href":"https:\/\/rimah.uniri.hr\/index.php?rest_route=\/wp\/v2\/users\/2"}],"replies":[{"embeddable":true,"href":"https:\/\/rimah.uniri.hr\/index.php?rest_route=%2Fwp%2Fv2%2Fcomments&post=172"}],"version-history":[{"count":2,"href":"https:\/\/rimah.uniri.hr\/index.php?rest_route=\/wp\/v2\/pages\/172\/revisions"}],"predecessor-version":[{"id":193,"href":"https:\/\/rimah.uniri.hr\/index.php?rest_route=\/wp\/v2\/pages\/172\/revisions\/193"}],"wp:attachment":[{"href":"https:\/\/rimah.uniri.hr\/index.php?rest_route=%2Fwp%2Fv2%2Fmedia&parent=172"}],"curies":[{"name":"wp","href":"https:\/\/api.w.org\/{rel}","templated":true}]}}